is the tens digit of y?
1
Suppose -3*g = n - 70, 3*g = 6*n - n - 296. Let d = n + 12. Suppose -2*r = -k - 44, 3*k + d = 3*r + 10. What is the tens digit of r?
2
Let k(j) = 100*j**3 + j**2 - j + 2. Let m be k(1). Suppose -2*p + 6*u = 2*u - m, -5*p = -2*u - 215. What is the units digit of p?
1
Let y(v) = 7*v**2 + 10*v - 17. What is the hundreds digit of y(4)?
1
Let i = 2597 + -1790. What is the hundreds digit of i?
8
Suppose -19*h = -15*h. Suppose -4*o + 40 + 40 = h. What is the units digit of o?
0
Suppose 5*t - 5*n = 195, -2*t + 5*n + 32 = -52. Let g = -385 + 391. Suppose g*p - t = -7. What is the units digit of p?
5
Suppose 3351 = -7*m + 15412. What is the hundreds digit of m?
7
Let u be (-1*8)/(3/96*2). Let g = -28 - u. What is the units digit of g?
0
Let m(t) = 5*t**3 - 39*t**2 - 30*t + 45. What is the units digit of m(13)?
9
Let d(g) = g**3 - 6*g**2 + 6*g - 2. Let v = 92 + -86. What is the units digit of d(v)?
4
Let c(p) = -p**3 + 4*p**2 + 6*p - 5. Let q be c(5). Suppose q = z - 4*z. What is the tens digit of (-1)/(z - (-1)/(-22))?
2
What is the tens digit of (-6618)/(-9)*1 + 18/(-54)?
3
Let l = -467 - -745. What is the tens digit of (9 - 5) + l + 3?
8
Suppose -5*r - j + 14 = 0, 0 = -r + j - 4 + 2. Let m(u) = 12*u**2 - u - 1. Let l be m(r). What is the tens digit of (-3)/5 + 702/l?
1
Let k = 45 - -3. Let i be (-389)/(-9) + 12/(-54)*1. Suppose 50 = k*j - i*j. What is the tens digit of j?
1
Suppose -5*t + 27565 = -5*v, 3*t + 5*v - 2*v - 16563 = 0. Let d be t/135 + (-2)/(-15). Let m = d + -19. What is the units digit of m?
2
Let q = -247 - -381. Suppose -4*r + 242 = -q. What is the tens digit of r?
9
Suppose 39*y = -y + 70800. What is the units digit of y?
0
Let o(j) = 119*j**2 + 4*j - 2. Let g(t) = 119*t**2 + 4*t - 2. Let u(n) = -3*g(n) + 4*o(n). What is the units digit of u(1)?
1
Let p(o) = -o + 8. Let k be p(10). Let i = k + 11. What is the units digit of i?
9
What is the tens digit of (228/2 - 7)*11?
7
Suppose 4*t + 294 = 3278. What is the hundreds digit of t?
7
Let x(l) = l**2 + 6*l + 1. Let s be x(-6). Let r be (s - 0)*(9 - 1). Suppose -2*k + r = 0, 2*w - k = 32 + 18. What is the tens digit of w?
2
Let b = -448 - -679. What is the tens digit of b?
3
Let y = 124 + 17. What is the hundreds digit of y?
1
Let i be (-33)/11*(-46 - 0). Suppose i + 3 = x. What is the units digit of x?
1
Let h(d) = d**2 - 10*d - 21. Let i be h(12). Suppose -u - 4*u = i*k - 839, -3*u - 275 = -k. What is the units digit of k?
8
Let b(k) = 52*k + 4. Let r be (12/(-8))/(((-5)/2)/5). What is the tens digit of b(r)?
6
Let r be 0 - (-408)/3*(6 + -4). Suppose 2*n - d = 179, -4*n = -4*d - 96 - r. What is the tens digit of n?
8
Suppose -1775 = -12*x - 395. Suppose -6*i + x = -485. What is the tens digit of i?
0
Suppose 0 = -2*d + d. Suppose -18 = -5*q + l - 2*l, q + 4*l + 4 = 0. Suppose -t - t + q = d. What is the units digit of t?
2
Let a = 60 + -62. What is the tens digit of 0 + 1/(a/(-38))?
1
Let g = -6 + 8. Let r(d) = -3*d**3 - 3 + 5*d**3 + 7*d**g - d - d**3. What is the units digit of r(-7)?
4
Suppose 3*r - 2044 = r. Suppose 3*h - r = -4*h. What is the tens digit of h?
4
Suppose -4*w + 4*d = 2 - 18, 4*w - 3*d - 14 = 0. Suppose -2*a + k + 226 = -k, -k - 224 = -w*a. What is the hundreds digit of a?
1
Suppose -5*w = -4*r - 3, 4*r + 0*w - 2*w - 6 = 0. Suppose t - 11 = r. Suppose -2*h = -120 + t. What is the units digit of h?
3
Let x = 56 - 52. Suppose -x*n + 14*n = 520. What is the tens digit of n?
5
Suppose 5*w - 4*o - 4734 = 0, -3*o + 28 = 16. What is the hundreds digit of w?
9
Suppose -4 - 11 = -5*s. Let i(n) = -2*n**3 - n + 2. Let a be i(s). Let z = a - -86. What is the tens digit of z?
3
Let s be 8/(-44) - 4/(-22). Suppose s + 4 = x. Suppose 2*r = -2*h - 0*h - 2, -2*r = x*h. What is the units digit of h?
1
Let q(t) = -2*t - 2. Let y be q(-1). Suppose 2*i = 2*d - 4*d + 4, y = i - 4*d + 3. Let u = 2 + i. What is the units digit of u?
3
What is the thousands digit of 1/(-7)*-7 - -1172?
1
Let u(r) = 0 + 10*r + 5 + 6*r**2 - 4*r. Let f(a) = -17*a**2 - 17*a - 14. Let x(k) = -4*f(k) - 11*u(k). What is the tens digit of x(-4)?
2
Suppose 19 = -l + 2*l + 4*m, -m = -2*l + 2. What is the units digit of (20 + l - 4)/1?
9
What is the units digit of (8 - (-7880)/28) + 12/(-28)?
9
Let m = -77 - -34. Let d = 51 + m. What is the units digit of d?
8
Let q(y) = -y**3 - 9*y**2 + 48*y + 43. What is the hundreds digit of q(-16)?
0
Let t(a) = 2*a + 22 - 15*a + 12*a + 7*a. What is the units digit of t(8)?
0
Let c(z) = 35*z - 64. Let o be c(20). Suppose 0 = 5*q - o - 639. What is the units digit of q?
5
Let o(x) be the third derivative of -3*x**4/4 + 3*x**3/2 + 10*x**2. What is the units digit of o(-6)?
7
Let k(m) = -m**2 + 6*m - 7. Let c be k(3). Suppose 3*f = -z + f + 13, 4*f + c = 2*z. Suppose 2*u = z*u - 330. What is the units digit of u?
6
Let w = -610 - -1383. What is the hundreds digit of w?
7
Let x(g) = -447*g - 21. What is the hundreds digit of x(-1)?
4
What is the hundreds digit of 28/(-16)*6*1464/(-18)?
8
Let p(q) = 6*q - 2. Let w be p(5). Let i be 232/58*-2*1/(-4). Suppose w = i*o - 50. What is the units digit of o?
9
Let h(s) = -4*s - 35. Let u be h(-21). Let n = u - 45. What is the units digit of n?
4
Suppose -11*b = -9*b - 558. What is the tens digit of b?
7
Suppose 137 + 206 = w + o, 1679 = 5*w - 4*o. What is the hundreds digit of w?
3
Let m = -69 - -74. Suppose 4*w + 2*h - 934 = 0, 5*h = -m*w - 270 + 1430. What is the units digit of w?
5
Suppose -68 = l - 138. Let f = -2 + -2. What is the units digit of l/98 + f/(-14)?
1
Let k(g) = -1 - 2 + g**3 + 0*g**3. Let j be k(2). Suppose 2*b = b + j. What is the units digit of b?
5
Suppose 5*j - 2*d - 43 = 1, 0 = 4*j - 5*d - 42. Let h = j - -2. Let w = 4 + h. What is the tens digit of w?
1
Let p = 10 + -5. Suppose -2*c = 5*i - 5*c - 15, -c = -p*i + 15. Suppose -i*h = 4*n + 2*h - 15, -45 = -3*n + 3*h. What is the tens digit of n?
1
Let s(q) = q**2 - 81*q + 166. What is the hundreds digit of s(-37)?
5
Suppose 0 = 5*z - 7 + 17. Let j(m) = 8*m**2 + 3*m + 4. Let f be j(z). Suppose x - 4*x = -f. What is the units digit of x?
0
Suppose 0 = 8*s - 11295 - 28049. What is the thousands digit of s?
4
Suppose -3*b + b - 10 = 2*s, -5*s = -4*b - 29. What is the tens digit of (213/b)/((-1)/2)?
7
Let f(c) = -25*c + 3. Let y be f(6). Let x = y - -219. What is the tens digit of x?
7
Suppose -13 = -3*p + 6*p + 2*l, 0 = -4*p + 2*l - 8. What is the units digit of ((-24)/(-20))/(p/(-10))?
4
Let q(n) = n**3 - 3*n**2 - n - 4. Let c be q(3). Let a be (-1 + 8)*(-2)/c. What is the units digit of 22 + (a - 2)*1?
2
Let b(i) = 17*i - 156. What is the units digit of b(31)?
1
What is the tens digit of (-7780)/(-40)*(8 - 2)?
6
Let l(g) = 8 + g**2 - 15 + 3*g + 9. Let m be l(-4). Suppose 28 = 3*i - 0*h + 2*h, 0 = -i - 4*h + m. What is the units digit of i?
0
Let f(x) = 2*x**2 - 14*x - 2. Suppose 0*c + 10 = c. What is the units digit of f(c)?
8
Suppose -5*s = a - 3*a - 440, -5*s + 3*a = -445. Suppose -6*g - s = -4*g. Let x = g + 117. What is the tens digit of x?
7
Let n(h) = -2*h + 15. Let w be n(10). Let x(a) = 6*a**2 - 6*a - 11. What is the hundreds digit of x(w)?
1
Let o be (-30)/(-4)*14/21. Suppose -5*p + o = -20. Suppose 1 = 3*f - 2*v - 13, 0 = -p*v - 5. What is the units digit of f?
4
Let v be 2/(-6) - -1 - 556/6. What is the tens digit of 2 - v - (-6)/2?
9
Let m = 50 + -17. Suppose -4*s = -5*s + m. Suppose f - s = -4. What is the units digit of f?
9
Let v = 76 - 72. Suppose -8*r - 2*k = -6*r - 276, 0 = -v*r + 5*k + 561. What is the hundreds digit of r?
1
Let h = -60 - -870. What is the units digit of h?
0
Let b = 819 + -630. What is the units digit of b?
9
Suppose 0*x = -4*m + 4*x + 436, -253 = -2*m - 5*x. Suppose 2*j = -z + m, -2*z - 102 = -2*j - 6*z. What is the units digit of j?
9
Suppose -6737 = -17*c - 583. What is the units digit of c?
2
Let g(z) = 2*z**3 + 7*z**3 - 4*z**3 + z**2 + 10 - 4*z**3. What is the units digit of g(0)?
0
Let l = 30 - -22. Suppose -3*x = -a + l, -4*x - 141 = -a - 2*a. What is the tens digit of a?
4
Let g = 463 + -408. What is the tens digit of g?
5
Let r(t) = 240*t - 85. What is the tens digit of r(6)?
5
Let j be ((6 - 4) + -2)/(-2). Suppose 3*k - 384 = -s, -5*k + 644 = -j*k + 3*s. What is the tens digit of k?
2
Suppose -3*r + 566